)).
-6
Calculate -1 + 7 - (26 - 11).
-9
What is (23 - 21) + (-6 - -3)?
-1
Calculate (-14 - (-8 - (16 - 15))) + 6.
1
Evaluate -491 + 476 + (0 + 0 + 2 - -7).
-6
What is (10 - (9 + 10)) + 24?
15
-7 - ((-1 - -2) + -12 - -12)
-8
Calculate 3 + 0 - 1 - -3.
5
What is the value of -1 + (-5 - -6 - 1) + -7 + -1?
-9
What is (36 - 23) + (-3 - 18) - 11?
-19
9 + -6 - (14 + -23)
12
Calculate -6 - (-7 + -5) - ((1 - -3) + 2).
0
Calculate (-1 + (-1 - 2) - (32 + -23)) + 3.
-10
Evaluate 3 + 1 - ((-5 - (-2 + 3)) + 2).
8
17 + (18 - (35 + 1))
-1
What is the value of -8 + 3 + 2 - -5 - 12?
-10
(-26 + 37 - 43) + 24
-8
1 + 8 - ((-26 - -2) + 19)
14
What is -31 - (2 - 41) - -15?
23
What is the value of 9 - 7 - (0 - -8)?
-6
0 + -21 + 19 + -15
-17
Evaluate -73 + 26 + 22 + (-2 - -8).
-19
Calculate 7 - ((4 + -12 - 2) + 31).
-14
What is the value of 1 + 8 + (-4 - (-5 - -20))?
-10
What is the value of -12 + 13 + -6 - (-1 - -15)?
-19
What is -1 - 0 - (60 + -58) - (2 + -5)?
0
Evaluate 8 + (27 - 45) + (-1 - -1).
-10
11 + 11 + -10 + -10 + 11
13
Calculate (0 - -12 - (-9 - -17)) + -2 + 7.
9
What is the value of -47 + 11 - (-21 - 33)?
18
What is the value of 0 - 10 - (-31 + (-9 - -11))?
19
Evaluate -19 - -3 - (-8 + -6).
-2
What is the value of 0 + 5 - (19 + -14 - -26) - -8?
-18
Calculate -23 + -8 + 62 - 49.
-18
-62 + 35 + 27 - 2
-2
What is 7 - -1 - (33 + -28) - 14?
-11
What is the value of -41 + 13 + -7 + 26?
-9
Evaluate 19 + (-1 - (29 - 0)).
-11
2 + -3 - ((41 - 40) + 1 + -2)
-1
What is the value of -6 + 4 - (6 - (30 + -8))?
14
What is the value of -1 - (-5 + 1 + -4) - (-78 - -66)?
19
Calculate 18 + (-18 - (-8 - 18)).
26
What is the value of -34 + (72 - -21 - 29)?
30
Calculate 36 - (-57 + 27 - -40).
26
What is -27 + 69 + -14 - 62?
-34
What is the value of -17 + (-34 - (-11 - 27))?
-13
2 + -2 - -2 - (87 + -95)
10
What is 5 - (15 - (21 - 17)) - (8 - 2)?
-12
(3 - -30) + (367 - 383)
17
What is (-2 + (8 - 8) - -9) + 5?
12
What is 15 - (-7 - (5 + -21)) - -10?
16
Calculate -97 + 103 + (-5 + 3 - -2) + -12.
-6
Evaluate 5 + (-10 - -7) - (14 - 42).
30
Evaluate 9 + 6 - 6 - (1 - (-7 - -10)).
11
What is the value of 1 + 1 + -4 + (-19 - -18)?
-3
What is the value of 1 - (0 - -20) - (23 + -27 + -3)?
-12
What is the value of -3 - (-11 + 2 - (-10 + 11))?
7
(18 - 14) + 2 + -7
-1
What is the value of (5 - (13 + -7 - 6)) + -3 - 3?
-1
Evaluate -4 - (-1 + 12 + (-7 - -10 - 8)).
-10
3 + 30 + (22 - 43)
12
What is the value of -15 + -4 + 1 + (175 - 187)?
-30
Evaluate -20 - (-19 + 25 - 32).
6
What is the value of -19 + (-4 + 30 - 20)?
-13
Evaluate 10 + 7 - (-7 + 28).
-4
14 + (10 + -22 - 5)
-3
Evaluate -8 + 3 + (10 - 8) + 3.
0
-28 - -35 - -12 - 22
-3
What is 2 - 5 - (-2 - -5 - 15)?
9
What is the value of -2 - -13 - (43 + -28) - (-20 + -1)?
17
0 + 27 - ((30 - (-9 + 10)) + -19)
17
10 + (9 + -8 - 14)
-3
-2 - (-2 + (-8 - 0) - 0)
8
Evaluate (-27 + 17 - -6) + -3 + 22.
15
14 - 1 - -2 - (-7 - -18)
4
What is the value of -17 - (0 - -1 - (-30 - -40))?
-8
-47 + 56 + -11 - (0 - 19)
17
What is 2 + -1 + -11 + 17 + -15?
-8
What is the value of 81 + -62 + (1 + (-1 - -2) - 3)?
18
What is 1 - (-29 + 24) - -17?
23
-29 - (-13 - -24 - 39)
-1
What is the value of 18 - 3 - 10 - 3?
2
-12 + (5 - (6 + -6 + -1)) + -6
-12
(10 - (3 + -1)) + (94 - 96)
6
What is 5 + -28 + -6 - -19?
-10
14 + (9 - -4 - (9 + -8))
26
128 + -114 - (15 + -1)
0
1 + (1 - (-1 + -6 + 2)) + 5
12
What is the value of -14 + -14 + 23 - 11?
-16
What is -10 + (5 - (0 - 3)) + -8?
-10
What is 1 - 6 - (25 + (-8 - (-14 + 24)))?
-12
Evaluate (-1 - -40) + -27 - 0.
12
What is (-3 - (5 + -11)) + -1?
2
What is the value of 49 - (-21 + 50 + -2)?
22
What is the value of -4 - 2 - (-2 - (-3 + -12) - 8)?
-11
Evaluate 12 - ((0 - -4) + (-8 - -1)) - 6.
9
Calculate (3 - 10) + 2 + 2 - -7.
4
What is (-27 + 7 - -34) + -6?
8
Evaluate (4 - (-9 + 0 + 26)) + -9.
-22
Evaluate -29 - (-51 + 26) - (2 - 10 - -2).
2
What is the value of -8 + (-2 + -6 + 3 - -3)?
-10
What is -18 - (-8 + 12 - 24)?
2
Evaluate 36 + -30 + 1 + -3 + 6 - 11.
-1
What is (1 - 5) + 5 + (-15 - -5 - -20)?
11
Calculate -5 - ((11 - -1) + 3 - 13).
-7
-1 + 2 + 8 + -183 + 179
5
What is 100 - 117 - (-29 - 1)?
13
Evaluate -6 - ((67 - 71) + (19 - 3) + -2).
-16
-15 + 0 - -16 - (-1 - 1)
3
-1 + -4 + -3 - 10 - -6
-12
-14 + 2 + 13 + -22 + 16
-5
2 - (26 + -4 - (3 + 0))
-17
Calculate -2 + 12 + 16 + -31.
-5
What is 0 + (-6 - (10 + -7 + 5))?
-14
Evaluate 7 - (9 + 1 - (70 - 66)).
1
What is 0 + -5 - (-14 - -16 - (-6 + -3))?
-16
What is 31 - (58 + -69 + 22 + 0)?
20
What is (1 + -3 - (1 + -10 - -6)) + -8?
-7
Evaluate 14 + (3 - 11) + 17 + (1 - 1).
23
Calculate -5 - (6 - (9 + 0) - (-10 - 0)).
-12
8 + (1 - -9 - -5) + -11
12
(1 + (14 - 29) - -28) + 8
22
What is 1 - -21 - (5 - 1)?
18
Calculate 0 + (-1 - -7) + -1.
5
Evaluate (1 + -2 - -6) + (-117 - -113) - 3.
-2
What is 0 + -33 + (20 - 16) - -13?
-16
Evaluate 16 - (8 - 6 - (4 + -11)).
7
Calculate -2 + 32 + (-115 - -108) + -9.
14
(-12 - -23) + -26 + -4 + -12
-31
What is the value of -3 + (0 - 3) + -8 + 6?
-8
Evaluate 99 - 109 - (-7 + 0).
-3
-9 + 1 + (-7 - (-4 + -13) - -14)
16
What is the value of (-18 - -32) + (-8 - -2)?
8
What is the value of (-76 - -46) + 17 + (1 - 10)?
-22
Evaluate 1 - (-2 - 0) - (-111 + 119).
-5
Calculate 6 - ((0 - (1 - -1)) + -18 + 17).
9
What is 14 - (-17 - -13 - -8)?
10
Calculate -20 + -9 + 26 + 0 + 4.
1
Calculate (-21 - 53 - -31) + 43.
0
What is the value of (3 - (-6 + 0 + 0)) + 6?
15
What is (184 + -203 - (-1 - 6)) + 8 + -1?
-5
6 - (3 - 1) - (3 - (-6 + 1))
-4
What is 5 + 1 + -2 + (-3 - (-8 + -8))?
17
Calculate 63 + -51 - ((7 - -1) + 0).
4
What is the value of -8 + 12 + 0 + 7?
11
What is (-6 - -3) + 14 + -9?
2
-6 - 1 - (-4 - (-23 - -24))
-2
Calculate -25 - -7 - (-4 + -3).
-11
(-5 - (46 - 27)) + 0
-24
What is -27 + -1 - (-322 + 283)?
11
What is the value of (1 - (-3 + 0)) + (-1 - (-3 - -6))?
0
Evaluate (358 - 354) + (-34 - -4) + 1 + 2.
-23
Evaluate -1 + 1 + (-4 - (24 - 19)).
-9
What is -8 + (-6 - (-13 - -4 - -10))?
-15
What is the value of (29 - 15 - 18) + 2?
-2
What is -6 - (-2 + (3 - (0 + 1 - 6)))?
-12
-11 + (3 - (16 + -14))
-10
Evaluate -469 + 464 - (-1 + 1 - 17).
12
What is the value of -1 + -9 + 6 + (20 - (1 + 0))?
15
4 - (9 - (-14 - -22))
3
(-12 - (3 + -6)) + (5 - -3)
-1
Evaluate -13 + (5 - (14 + -9)) - (-3 + 7).
-17
Evaluate -1 + 4 + (-17 + 0 - -11).
-3
Calculate -37 + (42 - (-14 + 2)).
17
-8 + (3 - -2) + -6 - (-1 + 2)
-10
What is 8 + (14 - (-10 + 13 + 11))?
8
What is (-12 - ((8 - 3) + -4)) + -8 + 10?
-11
Evaluate 11 + 9 + (-4 - -1) + -5.
12
Calculate -4 + (21 - (34 - -17)).
-34
What is 1 + -5 - -3 - ((-2 - -2) + -2)?
1
Evaluate -11 + 5 + -12 + 12 + -8.
-14
7 - (4 - 9 - (-4 - (11 - -6)))
-9
Calculate (28 - (-14 + 15)) + (-2 - 9).
16
Calculate -7 + 11 - 20 - 4 - -9.
-11
-15 + 14 + (-12 - -14)
1
Calculate -13 - (15 - 0 - 16).
-12
What is -2 + 26 - (-594 + 599)?
19
What is -25 - (6 - 0 - (-82 - -83))?
-30
What is the value of (26 - -5) + -32 - -15?
14
Calculate -76 + 63 - (-33 - (4 - 2)).
22
What is the value of 3 + (-2 + 6 - 3) + (8 - 6)?
6
What is the value of -7 + -5 + (5 - 5) + 8?
-4
-1 - 5 - (10 + -1 + -27)
12
Evaluate 14 - -1 - (183 - 175).
7
-10 + 0 + -14 + -22 - -12
-34
0 + 0 + (1 - 3) + -9
-11
Evaluate 12 - (17 + 11 + -21) - -5.
10
Calculate -13 - (0 - (-51 - -35)).
-29
Evaluate (-5 + -15 - (-10 + 7)) + 8.
-9
What is 5 + (-1 - (9 - 11)) + -14 + 7?
-1
Evaluate -2 + 3 + -10 - (-16 + 13) - -8.
2
What is 1 + (21 - 4) + (39 - 24)?
33
Evaluate 14 - ((-23 - -29) + -5 + 2).
11
Calculate -2 - (-3 - 15) - (44 + -43).
15
-8 + (-34 - -31) + -2 + 20
7
Calculate -26 - (-39 - (47 - 21)).
39
(1 - 2) + (7 + -14 - -8) + -2
-2
What is 18 - (-20 + (43 - (4 + -18)))?
-19
What is 1 + (-6 - (3 + -13)) + -3 + -4?
-2
20 - (51 - 60 - (-7 - 2))
20
What is the value of (159 - 139) + (-5 - 9)?
6
What is (12 - 6) + (6 - (7 - 3)) + -3?
5
-5 - (-11 + (10 - 8))
4
-8 + -9 + 18 - (-7 + -1)
9
9 - ((4 - (3 - 0)) + -6 - -2)
12
Evaluate -1 - ((-14 - 3) + 2 + 2).
12
Evaluate 2 + -12 + -9 + 16 + -21 + -1.
-25
Calculate -3 - (4 - 18 - -14).
-3
Evaluate 10 + 5 + -26 - ((-1 - -2) + 6).
-18
Calculate (-11 + -1 - (-26 - (-57 - -22))) + -8.
-29
What is the value of (-4 - -7 - (-2 - 2)) + (-7 - 19)?
-19
Evaluate 9 + -1 + (1 - 10) + (40 - 24).
15
What is the value of (7 - (-11 - 11)) + 5?
34
(13 - (10 + -10) - 6) + 1 + -1